 of l and 51.
51
Let q(p) = -7*p + 156. Let f be q(-6). Suppose 0 = -x - 15*w + 11*w + f, -4*w - 852 = -4*x. Calculate the greatest common factor of x and 140.
70
Let o be (-130)/(-20 + 10) + 9551. What is the greatest common factor of 48 and o?
12
Let j(a) be the third derivative of a**5/60 + 13*a**4/24 - 10*a**3/3 - 20*a**2. Let c be j(-17). Calculate the highest common factor of c and 64.
16
Suppose -t = 1, -270*t = -4*c - 271*t + 815. Calculate the greatest common divisor of 24 and c.
12
Let i = 1 - -9. Let u(r) = -r**2 + 23*r - 34. Let p be u(21). Let z be 1/(-6) - ((-2045)/30 + p). What is the greatest common factor of i and z?
10
Suppose 3*j - 19 = 26. Suppose 0*a + 4*a = 20. Let y be (12/a)/((-4)/(-10)). Calculate the greatest common factor of y and j.
3
Let x = -16826 + 16834. Let p be 6/(-2)*(-3)/9. Let f(n) = 7*n**2 + n. Let d be f(p). Calculate the greatest common divisor of d and x.
8
Suppose -33*u + 565212 = 72*u - 39588. What is the highest common divisor of u and 18?
18
Suppose 179392 - 5800 = 46*j - 61928. Calculate the greatest common divisor of j and 20.
20
Let l(q) = q**2 - 23*q - 808. Let x be l(-21). Calculate the highest common divisor of 58 and x.
58
Suppose 5*i + 5*z - 240 = 0, 0 = -20*i + 24*i + 5*z - 194. Let y be (-12)/10 - (-7)/35 - -162. What is the highest common factor of i and y?
23
Let k be 3096/20*45/18. What is the greatest common divisor of k and 1032?
129
Suppose -330 = 4*g - 15*g. Let h be 108/g - 2/(-5). Suppose -h*t + 124 = -152. What is the highest common divisor of t and 46?
23
Let g be (-95)/10*(-3 + 1). Suppose 2*b + 40 + 150 = 4*b. Calculate the highest common divisor of b and g.
19
Let q = 25919 + -25899. Suppose -1034 = -5*g + 1866. What is the greatest common divisor of g and q?
20
Let f(s) = 9*s**3 - 3*s**2 - 68*s + 192. Let n be f(3). What is the highest common divisor of n and 3026?
34
Suppose 0 = 3*a + 45, 1066*t + 3*a - 59 = 1065*t. Suppose 4*f = 2*v - 720, -3*f - 208 = -2*v + 514. What is the greatest common factor of v and t?
52
Let j be ((-3)/(78/(-65)))/(1/272). Calculate the highest common factor of 85 and j.
85
Let v(y) = -35*y - 18. Let k = -224 + 223. Let f be v(k). Suppose -3*i = -r - 3*r + 189, r + 3*i = 66. What is the highest common divisor of r and f?
17
Suppose -2854*w - 1862 = -2873*w. Let y = 28 - 120. Let z = y + w. What is the highest common factor of z and 15?
3
Suppose -2043 = -3*w + 2*d, 0 = -w + 2*w - 5*d - 694. Suppose -4*q - 4*m = -544, -5*q = -0*q + 4*m - w. What is the greatest common divisor of q and 30?
15
Suppose -4*r - 2*f + 20 = 0, r - 5 = -0*r + 5*f. Suppose 31 - 151 = -r*p. What is the greatest common divisor of 312 and p?
24
Let u(x) = 91*x + 573. Let o be u(-6). What is the highest common factor of 225 and o?
9
Suppose -l = -3*g + 507, -5*g + 4*l + 1345 - 507 = 0. Let z be ((-670)/201)/(1/(-6)). What is the highest common divisor of z and g?
10
Let m(c) = c**2 + 8*c + 16. Let p be m(-2). Let j(b) = 7*b**3 + b**2 - 2*b + 6. Let l be j(p). Calculate the highest common divisor of l and 84.
42
Suppose 675450 = -10122*k + 10147*k. Calculate the highest common divisor of 38 and k.
38
Suppose 6*d - 30 - 36 = 0. Let m be 8/3*(-18)/(-40) + 11037/15. What is the greatest common factor of m and d?
11
Let a = 424 - 409. Let m(h) = h**3 - 16*h**2 + 26*h - 73. Let l be m(a). What is the highest common factor of l and 92?
92
Suppose -25574 = -25*c + 69576. Calculate the highest common divisor of 22 and c.
22
Let s(z) = 3*z**2 - 351*z - 798. Let w be s(129). Calculate the highest common divisor of w and 6.
6
Let d = 28449 + -19752. What is the highest common divisor of d and 52?
13
Let a(r) = 5*r**2 - 23*r + 561. Let t be a(0). What is the highest common factor of t and 957?
33
Suppose 23868 = 57*u + 67*u - 90*u. Suppose -2*m + m = -54. What is the greatest common divisor of u and m?
54
Let z be 66/(3/((-12)/(-8))) + 3. Let o = z + -49. Let y be (o/((-91)/6))/(4/14). Calculate the greatest common factor of y and 33.
3
Let f = 108 + -545. Let w = -435 - f. What is the highest common factor of w and 1?
1
Suppose -115*m + 18*m = -143*m + 14904. Let q(a) = 22*a - 10. Let v be q(7). Calculate the highest common factor of v and m.
36
Suppose 0 = -268*s + 243*s + 158850. What is the highest common divisor of 72 and s?
18
Suppose -2*n - n + 18 = 0. Let i = -270 + 361. Suppose -13*o + i = -n*o. What is the highest common factor of 1 and o?
1
Suppose -f - 16 = -4*j, 248*j - 251*j - 39 = -5*f. What is the highest common divisor of f and 2184?
12
Let w = -39 - -38. Let s be 150 - 0/((3 - 3) + w). Suppose -s = -8*u + 6*u. Calculate the greatest common factor of 30 and u.
15
Let j be 36 - ((20 - -5) + -33). What is the highest common divisor of j and 12606?
22
Let l be (-1 - 1) + 1 - 12/(-2). Let f(o) = -25*o**3 - o**2 + o + 2. Suppose -b + 1 - 2 = 0. Let t be f(b). What is the highest common divisor of t and l?
5
Suppose 25*f - 2368 = 22807. What is the highest common divisor of 19 and f?
19
Let d be ((-4)/(-2))/(40/100). Suppose 0 = -d*t + 2*t + r + 265, -285 = -3*t - 3*r. Calculate the greatest common factor of t and 45.
45
Suppose 5*h - 216 - 159 = 0. What is the greatest common factor of h and 465?
15
Let o(w) = -w**2 + 92*w - 1496. Let c be o(34). Calculate the greatest common factor of c and 544.
68
Let o(s) = s. Let p(l) = 2*l - 2. Let f(w) = -o(w) - 2*p(w). Suppose -9 = 4*i - i. Let c be f(i). What is the greatest common divisor of c and 19?
19
Let h(l) be the first derivative of 11*l**2 + 162*l + 21. Let s be h(18). Calculate the highest common factor of 18 and s.
18
Let s(u) = 5*u**2 - 80*u + 210. Let z be s(3). Suppose -3*g = -1 - 8. Suppose -8*b + 825 = -g*b. Calculate the greatest common divisor of b and z.
15
Let l(m) = 2*m - 3. Suppose 12*b = -20*b + 160. Let j be l(b). What is the highest common divisor of 553 and j?
7
Let y(o) = 15*o - 94. Let k be y(11). Suppose k = 5*t - 59. What is the greatest common factor of 8 and t?
2
Suppose 3*h + 8 - 13 = -2*i, 2*h = -3*i. Let t be 3*(i + 3) + 5. Calculate the highest common factor of 16 and t.
8
Let s be (9558/36)/(1 - 5/10). What is the greatest common divisor of s and 1003?
59
Suppose 188*p - 35*p - 4593 = 3363. Calculate the greatest common divisor of p and 2678.
26
Suppose 30 = 4*s - 14*s. Let p(n) = n**2 + 6*n + 12. Let y be p(s). Let i(h) = h**2 - 13*h + 4. Let o be i(13). What is the greatest common divisor of o and y?
1
Let h be ((-6)/16)/(403/(-12896)). Calculate the highest common factor of h and 1944.
12
Suppose 3*l - 3 = w + 2, 2*w = -2*l + 14. Let s be (4/6*l)/(4/76). What is the greatest common divisor of s and 133?
19
Let x = 48825 - 32992. What is the greatest common factor of 446 and x?
223
Suppose -4*n + y - 23 = -4, -2*n - 5*y + 7 = 0. Let u be 730/7 + n/14. What is the highest common divisor of 39 and u?
13
Let n be 2*(23/2)/1. Suppose -25*c + 0*c + 3*c = -5566. What is the greatest common divisor of c and n?
23
Let o(i) = -i**2 + 12*i + 4. Let l be o(6). Let u(p) = 12*p + 26 + 17*p - 43*p. Let n be u(-21). What is the greatest common divisor of l and n?
40
Let b = -2526 - -2598. Suppose 5*o + 50 = -5*y, 2*y - 3*o + 18 = -3*y. Let s = y + 15. Calculate the highest common factor of b and s.
9
Let a(j) = 13*j - 18*j - 7*j + 14. Let m be a(1). Calculate the greatest common factor of m and 10.
2
Suppose -568*b + 573*b = 3*c - 1622, 0 = 5*c + 2*b - 2662. What is the greatest common factor of c and 2?
2
Let z be 9/((-432)/(-18420)) + 3/12. What is the highest common factor of z and 864?
96
Suppose -7*w + 93 = 65. Let o(m) = 3*m**2 + m + 2. Suppose -4*s = 2*h + 8, -5 - 5 = 5*s - 5*h. Let q be o(s). Calculate the greatest common factor of w and q.
4
Let n be -1 - (0 - 0) - -59. Let o be 737544/1167 + (-69)/((-9)/(-3)). Calculate the greatest common divisor of n and o.
29
Suppose -5*a = -3*a + 4*a. Suppose a = 22*t + 32*t - 15552. What is the highest common factor of t and 9?
9
Let a = 438 - 432. Let r be 5 - a/3*-227. Calculate the greatest common divisor of r and 27.
27
Let m be 20*(4/(-4))/((-15)/10518). Calculate the greatest common divisor of m and 32.
8
Suppose y - 5*d + 4 = 0, y - d = 13 - 1. Let h(k) = 4*k**2 - 50*k + 11. Let c be h(y). Calculate the greatest common factor of c and 47.
47
Let v = 1742